
96461
What are the prime factors of 76315?
5, 15263
What are the prime factors of 6541417?
109, 60013
List the prime factors of 12812920.
2, 5, 31, 10333
What are the prime factors of 5344830?
2, 3, 5, 59387
List the prime factors of 109557.
3, 7, 37, 47
What are the prime factors of 1499021?
1049, 1429
What are the prime factors of 1467492?
2, 3, 13, 23, 409
What are the prime factors of 51650?
2, 5, 1033
What are the prime factors of 752867?
752867
List the prime factors of 13658387.
13658387
What are the prime factors of 3904128?
2, 3, 3389
List the prime factors of 3283161.
3, 7, 79, 1979
What are the prime factors of 103408?
2, 23, 281
What are the prime factors of 202435?
5, 40487
List the prime factors of 105010.
2, 5, 10501
List the prime factors of 110754.
2, 3, 7, 293
What are the prime factors of 29538232?
2, 59, 62581
What are the prime factors of 1761582?
2, 3, 331, 887
List the prime factors of 2558285.
5, 43, 73, 163
List the prime factors of 10096017.
3, 3365339
What are the prime factors of 717579?
3, 2953
What are the prime factors of 4777737?
3, 1592579
What are the prime factors of 549968?
2, 37, 929
What are the prime factors of 215874?
2, 3, 67, 179
List the prime factors of 4329314.
2, 11, 307, 641
What are the prime factors of 231870?
2, 3, 5, 59, 131
What are the prime factors of 925216?
2, 29, 997
What are the prime factors of 3506751?
3, 31, 12569
List the prime factors of 718434.
2, 3, 167, 239
What are the prime factors of 4665180?
2, 3, 5, 13, 5981
What are the prime factors of 491450?
2, 5, 9829
What are the prime factors of 1593552?
2, 3, 33199
What are the prime factors of 815825?
5, 32633
What are the prime factors of 3655316?
2, 7, 130547
List the prime factors of 226246.
2, 113123
What are the prime factors of 17859954?
2, 3, 7, 425237
What are the prime factors of 125451?
3, 53, 263
What are the prime factors of 418871?
418871
What are the prime factors of 2000777?
821, 2437
What are the prime factors of 6727856?
2, 569, 739
What are the prime factors of 2412423?
3, 13, 29, 79
What are the prime factors of 8768393?
1451, 6043
What are the prime factors of 4572573?
3, 101, 15091
List the prime factors of 2901915.
3, 5, 59, 1093
List the prime factors of 25620800.
2, 5, 67, 239
List the prime factors of 460775.
5, 7, 2633
What are the prime factors of 607297?
19, 31963
List the prime factors of 24692932.
2, 11, 19, 29537
List the prime factors of 439635.
3, 5, 7, 53, 79
What are the prime factors of 199385?
5, 39877
List the prime factors of 7770693.
3, 7, 370033
List the prime factors of 16808293.
19, 31, 28537
What are the prime factors of 8394624?
2, 3, 7, 347
What are the prime factors of 1019568?
2, 3, 11, 1931
List the prime factors of 575352.
2, 3, 61, 131
List the prime factors of 3747.
3, 1249
What are the prime factors of 37855?
5, 67, 113
What are the prime factors of 1218410?
2, 5, 37, 89
List the prime factors of 2013337.
2013337
List the prime factors of 7644458.
2, 17, 29, 7753
List the prime factors of 8838447.
3, 2946149
List the prime factors of 22322586.
2, 3, 11, 13, 26017
What are the prime factors of 198522?
2, 3, 41, 269
List the prime factors of 92270.
2, 5, 9227
List the prime factors of 1022657.
73, 14009
What are the prime factors of 116524?
2, 29131
List the prime factors of 1623830.
2, 5, 13, 12491
What are the prime factors of 367492?
2, 91873
What are the prime factors of 35947611?
3, 7, 41, 4639
List the prime factors of 2867238.
2, 3, 11, 1609
List the prime factors of 7946409.
3, 61, 173, 251
What are the prime factors of 5969608?
2, 31, 24071
List the prime factors of 12496278.
2, 3, 2082713
What are the prime factors of 4828679?
19, 254141
List the prime factors of 2825571.
3, 7, 197, 683
What are the prime factors of 72594?
2, 3, 37, 109
List the prime factors of 5386517.
5386517
List the prime factors of 695840.
2, 5, 4349
What are the prime factors of 147185?
5, 29437
What are the prime factors of 592062?
2, 3, 101, 977
What are the prime factors of 71433?
3, 7937
What are the prime factors of 8334730?
2, 5, 19, 43867
What are the prime factors of 208996?
2, 52249
List the prime factors of 10980091.
10980091
List the prime factors of 922895.
5, 131, 1409
What are the prime factors of 19080775?
5, 7, 107, 1019
List the prime factors of 243237.
3, 89, 911
What are the prime factors of 195663?
3, 13, 29, 173
List the prime factors of 104708.
2, 26177
What are the prime factors of 937919?
937919
List the prime factors of 1091093.
37, 797
What are the prime factors of 216887?
11, 19717
What are the prime factors of 257520?
2, 3, 5, 29, 37
List the prime factors of 5696670.
2, 3, 5, 7, 27127
List the prime factors of 1205584.
2, 151, 499
List the prime factors of 701344.
2, 7, 31, 101
What are the prime factors of 74620?
2, 5, 7, 13, 41
What are the prime factors of 995736?
2, 3, 7, 5927
What are the prime factors of 159668?
2, 179, 223
What are the prime factors of 11873698?
2, 5936849
List the prime factors of 121431.
3, 17, 2381
What are the prime factors of 2198918?
2, 1099459
List the prime factors of 33080941.
2833, 11677
List the prime factors of 138016.
2, 19, 227
List the prime factors of 907416.
2, 3, 4201
What are the prime factors of 2908326?
2, 3, 17, 28513
List the prime factors of 2432589.
3, 19, 42677
What are the prime factors of 1297595?
5, 13, 19963
What are the prime factors of 62195?
5, 7, 1777
What are the prime factors of 1209549?
3, 11, 36653
What are the prime factors of 353426?
2, 176713
List the prime factors of 42887666.
2, 439, 48847
What are the prime factors of 3592074?
2, 3, 83, 7213
List the prime factors of 3153637.
3153637
List the prime factors of 9315334.
2, 7, 665381
What are the prime factors of 217814?
2, 108907
List the prime factors of 11811585.
3, 5, 787439
List the prime factors of 603114.
2, 3, 100519
List the prime factors of 73639.
211, 349
What are the prime factors of 585931?
31, 41, 461
What are the prime factors of 4502021?
4502021
What are the prime factors of 5269?
11, 479
What are the prime factors of 1221253?
11, 10093
List the prime factors of 322049.
7, 13, 3539
What are the prime factors of 22300369?
7, 13, 269, 911
What are the prime factors of 1236981?
3, 43, 223
List the prime factors of 96330.
2, 3, 5, 13, 19
What are the prime factors of 4026379?
7, 82171
What are the prime factors of 1227827?
41, 29947
List the prime factors of 243551.
7, 11, 3163
What are the prime factors of 968624?
2, 60539
What are the prime factors of 5680268?
2, 11, 129097
What are the prime factors of 4417?
7, 631
What are the prime factors of 680849?
13, 83, 631
List the prime factors of 2050178.
2, 13, 78853
What are the prime factors of 5611683?
3, 7, 11, 17, 1429
List the prime factors of 6373286.
2, 41, 77723
What are the prime factors of 223551?
3, 59, 421
What are the prime factors of 144775?
5, 5791
List the prime factors of 3146406.
2, 3, 37, 14173
What are the prime factors of 1278367?
379, 3373
What are the prime factors of 39451?
39451
What are the prime factors of 1065612?
2, 3, 88801
What are the prime factors of 3544770?
2, 3, 5, 173, 683
List the prime factors of 579.
3, 193
List the prime factors of 259541.
53, 59, 83
List the prime factors of 4868821.
107, 45503
List the prime factors of 656278.
2, 7, 46877
List the prime factors of 2940573.
3, 19, 23, 2243
List the prime factors of 13177218.
2, 3, 1471, 1493
What are the prime factors of 13042144?
2, 407567
List the prime factors of 516154.
2, 17, 19, 47
List the prime factors of 375430.
2, 5, 11, 3413
List the prime factors of 1125593.
7, 113, 1423
List the prime factors of 12667274.
2, 1193, 5309
What are the prime factors of 1387219?
31, 73, 613
What are the prime factors of 397461?
3, 19, 367
List the prime factors of 364271.
364271
List the prime factors of 5986899.
3, 221737
List the prime factors of 549104.
2, 34319
List the prime factors of 1298650.
2, 5, 19, 1367
List the prime factors of 542840.
2, 5, 41, 331
List the prime factors of 6894915.
3, 5, 173, 2657
List the prime factors of 50356.
2, 12589
List the prime factors of 839651.
839651
List the prime factors of 2581985.
5, 7, 73771
List the prime factors of 2982048.
2, 3, 31063
What are the prime fact